{"id":435,"date":"2021-08-06T14:47:49","date_gmt":"2021-08-06T14:47:49","guid":{"rendered":"https:\/\/www.bluechemical.com.br\/NOVO\/?page_id=435"},"modified":"2021-08-06T14:47:50","modified_gmt":"2021-08-06T14:47:50","slug":"politica-de-privacidade","status":"publish","type":"page","link":"https:\/\/www.bluechemical.com.br\/NOVO\/politica-de-privacidade\/","title":{"rendered":"Pol\u00edtica de Privacidade"},"content":{"rendered":"\n<p class=\"lead\"><strong>Pol\u00edtica de Privacidade<\/strong><\/p>\n\n\n\n<p>A Blue Chemical do Brasil Ltda tem como base a integridade \u00e9tica e est\u00e1 em conformidade \u00e0s leis e atos normativos que regem a sua atividade industrial, com\u00e9rcio, importa\u00e7\u00e3o e exporta\u00e7\u00e3o em geral. Disseminamos em toda a organiza\u00e7\u00e3o a cultura de sigilo, privacidade e prote\u00e7\u00e3o de dados por meio de programas permanentes de conscientiza\u00e7\u00e3o e capacita\u00e7\u00e3o de nossos colaboradores, adotando processos e pol\u00edticas internas que asseguram o cumprimento das normas e boas pr\u00e1ticas relativas \u00e0 prote\u00e7\u00e3o de dados pessoais.<br>Atrav\u00e9s deste documento, informamos os indiv\u00edduos, incluindo entre outros, os usu\u00e1rios deste website, seus procedimentos para coleta, tratamento e armazenamento de dados pessoais, em conformidade com a Lei 13.709\/2018 (Lei Geral de Prote\u00e7\u00e3o de Dados \u2013 LGPD) e qualquer outra legisla\u00e7\u00e3o e regulamentos locais aplic\u00e1veis.<\/p>\n\n\n\n<p><strong>INFORMA\u00c7\u00d5ES COLETADAS<\/strong><\/p>\n\n\n\n<p>Coletamos os dados pessoais que os indiv\u00edduos compartilharam voluntariamente conosco, dados relativos \u00e0 sua atividade no Website e informa\u00e7\u00f5es fornecidas ou recolhidas atrav\u00e9s de outras fontes f\u00edsicas ou virtuais, pertinentes exclusivamente ao interesse de execu\u00e7\u00e3o de nossas atividades.<br>Utilizamos estes dados a fim de cumprir nossas obriga\u00e7\u00f5es para com nossos clientes, parceiros de neg\u00f3cios, colaboradores e consumidores em geral, mant\u00ea-los informados sobre nossos eventos e atividades, conte\u00fados t\u00e9cnicos, produtos e servi\u00e7os. Tamb\u00e9m fazemos uso destes dados para cumprimento de obriga\u00e7\u00f5es legais e gest\u00e3o das rela\u00e7\u00f5es individuais com cada um destes p\u00fablicos.<br>Estes dados s\u00e3o tratados apenas na medida necess\u00e1ria para alcan\u00e7ar os fins estabelecidos nesta Pol\u00edtica de Privacidade. A Blue Chemical \u00e9 obrigada a manter os dados pessoais an\u00f4nimos e a remover estes dados se n\u00e3o precisar tratar dados pessoais de forma identific\u00e1vel para fins de tratamento conforme prev\u00ea a Lei vigente. Coletamos dados pessoais compartilhados voluntariamente conosco, dados relativos \u00e0 sua atividade no Website e informa\u00e7\u00e3o fornecida ou coletadas atrav\u00e9s de outras fontes.<br>N\u00e3o coletamos categorias especiais de dados pessoais que lhe digam respeito (por exemplo, sua religi\u00e3o).<\/p>\n\n\n\n<p><strong>UTILIZA\u00c7\u00c3O DOS DADOS<\/strong><\/p>\n\n\n\n<p>Utilizamos os seus dados pessoais para lhe fornecer os servi\u00e7os solicitados, incluindo, entre outros, permitir que navegue pelo Website, responder a pedidos e interagir com os nossos servi\u00e7os. Apenas com o seu consentimento, podemos tamb\u00e9m tratar os seus dados pessoais para lhe enviar comunica\u00e7\u00f5es de marketing personalizadas, incluindo lan\u00e7amentos de nossos produtos.<\/p>\n\n\n\n<p><strong>BASES LEGAIS PARA A UTILIZA\u00c7\u00c3O DOS DADOS<\/strong><\/p>\n\n\n\n<p>Utilizamos seus dados para lhe permitir utilizar o Website e os servi\u00e7os relevantes.<br>Os seus dados pessoais s\u00e3o tamb\u00e9m coletados para cumprir obriga\u00e7\u00f5es legais ou para proteger os interesses leg\u00edtimos da Blue Chemcial. Sem determinados dados, n\u00e3o poderemos oferecer os servi\u00e7os, manter rela\u00e7\u00e3o negocial, manter rela\u00e7\u00e3o trabalhista ou permitir o seu acesso ao Website, conforme o caso.<\/p>\n\n\n\n<p><strong>DURANTE QUANTO TEMPO ARMAZENAMOS&nbsp;<\/strong><\/p>\n\n\n\n<p>Utilizamos seus dados pessoais durante o per\u00edodo estritamente necess\u00e1rio para alcan\u00e7ar as finalidades pretendidas ou de acordo com a Legisla\u00e7\u00e3o para os dados de funcion\u00e1rios.<\/p>\n\n\n\n<p><strong>COMO PROTEGEMOS&nbsp;<\/strong><\/p>\n\n\n\n<p>A seguran\u00e7a dos seus dados \u00e9 uma prioridade para n\u00f3s. Por isso, implementamos medidas administrativas, t\u00e9cnicas e f\u00edsicas adequadas para proteger seus dados pessoais contra perda, roubo e uso n\u00e3o autorizado, bem como divulga\u00e7\u00e3o de modifica\u00e7\u00f5es.<\/p>\n\n\n\n<p><strong>COM QUEM COMPARTILHAMOS&nbsp;<\/strong><\/p>\n\n\n\n<p>Podemos compartilhar seus dados com fornecedores de servi\u00e7os, as nossas empresas afiliadas e autoridades p\u00fablicas, quando permitido pela Legisla\u00e7\u00e3o.<br><\/p>\n\n\n\n<p><strong>SEUS DIREITOS<\/strong><\/p>\n\n\n\n<p><strong>DIREITO \u00c0 RETIFICA\u00c7\u00c3O, ANONIMIZA\u00c7\u00c3O, ELIMINA\u00c7\u00c3O OU BLOQUEIO DOS DADOS.<\/strong><\/p>\n\n\n\n<p><strong>CONSERVA\u00c7\u00c3O DOS DADOS<\/strong><\/p>\n\n\n\n<p>A Blue Chemical tratar\u00e1 os dados pessoais pelo tempo necess\u00e1rio para atingir as finalidades pretendidas. Em qualquer caso, ser\u00e3o aplicados os seguintes per\u00edodos de conserva\u00e7\u00e3o:<\/p>\n\n\n\n<p>Obs: Considere que os per\u00edodos de conserva\u00e7\u00e3o de dados podem variar, dependendo das leis locais aplic\u00e1veis.<\/p>\n\n\n\n<p><strong>PROCEDIMENTOS DE TRATAMENTO DE DADOS<\/strong><\/p>\n\n\n\n<p>Os seus dados pessoais s\u00e3o tratados com o aux\u00edlio de Tecnologias de Informa\u00e7\u00e3o e\/ou meios em papel e s\u00e3o protegidos por dispositivos de seguran\u00e7a adequados para garantir o sigilo e a seguran\u00e7a dos dados pessoais. Em particular, a Blue Chemical adota as medidas administrativas, t\u00e9cnicas, pessoais e f\u00edsicas apropriadas para salvaguardar os dados pessoais obtido contra qualquer perda ou roubo, bem como o uso, divulga\u00e7\u00e3o ou altera\u00e7\u00e3o n\u00e3o autorizados dos dados pessoais.<\/p>\n\n\n\n<p><strong>COMUNICA\u00c7\u00c3O DOS DADOS<\/strong><\/p>\n\n\n\n<p>Os nossos fornecedores e prestadores de servi\u00e7os cuidadosamente escolhidos localizados no Brasil , tais como operadora de seguran\u00e7a privada, bancos, governo, transportadoras, e demais prop\u00f3sitos descritos na presente Pol\u00edtica de Privacidade;<\/p>\n\n\n\n<p>Nos casos acima, estas empresas t\u00eam de cumprir os nossos requisitos de privacidade e seguran\u00e7a de dados e n\u00e3o est\u00e3o autorizadas a utilizar os dados pessoais que recebam da nossa parte para qualquer outra finalidade.<\/p>\n\n\n\n<p><strong>MENORES COM MENOS DE 18 ANOS<\/strong><\/p>\n\n\n\n<p>N\u00e3o coletamos dados de menores de 18 anos, tanto em nosso Website, quanto em outros momentos na empresa.<\/p>\n\n\n\n<p><strong>DIREITOS DO TITULAR DOS DADOS<\/strong><\/p>\n\n\n\n<p>O titular dos dados, a qualquer momento e de forma gratuita, pode exercer os seguintes direitos:<br>1. o direito a ser informado sobre de que modo e para quais fins ser\u00e3o tratados os dados;<br>2. o direito de acesso aos seus dados pessoais (conhecido como \u201cpedido de acesso do titular dos dados\u201d). Isto permite-lhe receber uma c\u00f3pia dos dados pessoais que temos sobre voc\u00ea;<br>3. o direito de pedir a atualiza\u00e7\u00e3o ou retifica\u00e7\u00e3o dos dados pessoais que temos sobre voc\u00ea. Isto permite-lhe corrigir quaisquer dados incompletos ou imprecisos, embora tenhamos de verificar a exatid\u00e3o dos novos dados que nos fornecer;<br>4. o direito de pedir a exclus\u00e3o dos seus dados pessoais. Isto permite-lhe pedir para apagar ou remover os seus dados pessoais se n\u00e3o houver uma boa raz\u00e3o para que continuemos a trat\u00e1-los. Tem tamb\u00e9m o direito de pedir-nos para apagar ou remover os seus dados pessoais, se tiver exercido com sucesso o seu direito de se opor ao tratamento ou se formos obrigados a apagar os seus dados pessoais em cumprimento da legisla\u00e7\u00e3o local. Observe, no entanto, que talvez nem sempre possamos atender ao seu pedido de exclus\u00e3o, por motivos legais espec\u00edficos que lhe ser\u00e3o notificados, se aplic\u00e1vel, no momento do seu pedido;<br>5. o direito de limitar o tratamento dos seus dados pessoais. Isto permite-lhe pedir para suspender o tratamento dos seus dados pessoais nos seguintes casos: (a) se quiser que estabele\u00e7amos o n\u00edvel de precis\u00e3o dos dados; (b) se a nossa utiliza\u00e7\u00e3o dos dados for ilegal, mas n\u00e3o quiser que os apaguemos; (c) se precisar que mantenhamos os dados, mesmo que j\u00e1 n\u00e3o precisemos mais deles, para estabelecer, exercer ou defender reivindica\u00e7\u00f5es legais; ou (d) se tiver se oposto ao uso dos seus dados, mas precisarmos verificar se temos motivos leg\u00edtimos para os utilizar;<br>6. o direito de se opor ao tratamento, total ou parcial, dos seus dados pessoais, quando estivermos a defender interesses leg\u00edtimos (ou de terceiros) e existir algo na sua situa\u00e7\u00e3o particular que o fa\u00e7a querer opor-se ao tratamento nestas bases, se sentir que isso afeta os seus direitos e liberdades fundamentais. Em alguns casos, podemos demonstrar que temos motivos leg\u00edtimos para tratar as suas informa\u00e7\u00f5es que se sobrep\u00f5em aos seus direitos e liberdades;<br>7. se dependermos do consentimento para tratar os seus dados pessoais, o direito de revogar o consentimento para o tratamento dos seus dados pessoais livremente e a qualquer momento, tamb\u00e9m clicando na op\u00e7\u00e3o de cancelamento de subscri\u00e7\u00e3o na parte inferior das nossas comunica\u00e7\u00f5es de marketing;<br>8. o direito \u00e0 portabilidade dos seus dados pessoais para voc\u00ea ou para remeter a um fornecedor diferente. Iremos fornecer-lhe a voc\u00ea, ou a terceiros que tenha escolhido, os seus dados pessoais num formato estruturado, habitualmente usado e leg\u00edvel por computador;<br>9. o direito de nos contatar enviando um e-mail para contatos@bluechemical.com.br<br>10. e o direito de apresentar uma reclama\u00e7\u00e3o perante a autoridade nacional competente em mat\u00e9ria de prote\u00e7\u00e3o de dados.<\/p>\n\n\n\n<p>Se desejar exercer os seus direitos nos termos acima mencionado ou pretender colocar qualquer quest\u00e3o sobre os dados pessoais que possu\u00edmos a seu respeito, basta entrar em contato.<\/p>\n\n\n\n<p><strong>Endere\u00e7o:<\/strong><\/p>\n\n\n\n<p><strong>Rua Constante Moro Sobrinho, 1.355<\/strong><\/p>\n\n\n\n<p><strong>S\u00e3o Jos\u00e9 dos Pinhais \u2013 Paran\u00e1<\/strong><\/p>\n\n\n\n<p><strong>Telefone:41-3382-2925<\/strong><strong><br><\/strong><\/p>\n\n\n\n<p><strong>ALTERA\u00c7\u00d5ES E ATUALIZA\u00c7\u00d5ES<\/strong><\/p>\n\n\n\n<p><strong>Este Aviso de Confidencialidade ser\u00e1 atualizado com regularidade. Poderemos atualizar este Aviso de Confidencialidade para refletir altera\u00e7\u00f5es na forma como tratamos os seus dados pessoais. Se fizermos altera\u00e7\u00f5es relevantes, ser\u00e1 notificado das mesmas atrav\u00e9s da atualiza\u00e7\u00e3o deste Aviso de Confidencialidade, antes da sua entrada em vigor. Recomendamos que consulte o nosso Aviso de Confidencialidade periodicamente para obter informa\u00e7\u00e3o atualizada. Este Aviso de Confidencialidade foi atualizado pela \u00faltima vez no dia 04\/Agosto\/2021.<\/strong><\/p>\n","protected":false},"excerpt":{"rendered":"<p>Pol\u00edtica de Privacidade A Blue Chemical do Brasil Ltda tem como base a integridade \u00e9tica e est\u00e1 em conformidade \u00e0s leis e atos normativos que regem a sua atividade industrial, com\u00e9rcio, importa\u00e7\u00e3o e exporta\u00e7\u00e3o em geral. Disseminamos em toda a organiza\u00e7\u00e3o a cultura de sigilo, privacidade e prote\u00e7\u00e3o de dados por meio de programas permanentes&#8230;  <a href=\"https:\/\/www.bluechemical.com.br\/NOVO\/politica-de-privacidade\/\" class=\"more-link\" title=\"Read Pol\u00edtica de Privacidade\">Read more &raquo;<\/a><\/p>\n","protected":false},"author":2,"featured_media":0,"parent":0,"menu_order":0,"comment_status":"closed","ping_status":"closed","template":"","meta":{"footnotes":""},"acf":[],"_links":{"self":[{"href":"https:\/\/www.bluechemical.com.br\/NOVO\/wp-json\/wp\/v2\/pages\/435"}],"collection":[{"href":"https:\/\/www.bluechemical.com.br\/NOVO\/wp-json\/wp\/v2\/pages"}],"about":[{"href":"https:\/\/www.bluechemical.com.br\/NOVO\/wp-json\/wp\/v2\/types\/page"}],"author":[{"embeddable":true,"href":"https:\/\/www.bluechemical.com.br\/NOVO\/wp-json\/wp\/v2\/users\/2"}],"replies":[{"embeddable":true,"href":"https:\/\/www.bluechemical.com.br\/NOVO\/wp-json\/wp\/v2\/comments?post=435"}],"version-history":[{"count":1,"href":"https:\/\/www.bluechemical.com.br\/NOVO\/wp-json\/wp\/v2\/pages\/435\/revisions"}],"predecessor-version":[{"id":436,"href":"https:\/\/www.bluechemical.com.br\/NOVO\/wp-json\/wp\/v2\/pages\/435\/revisions\/436"}],"wp:attachment":[{"href":"https:\/\/www.bluechemical.com.br\/NOVO\/wp-json\/wp\/v2\/media?parent=435"}],"curies":[{"name":"wp","href":"https:\/\/api.w.org\/{rel}","templated":true}]}}